    {"id":12538,"date":"2024-08-13T17:15:43","date_gmt":"2024-08-13T17:15:43","guid":{"rendered":"https:\/\/kraut-zone.de\/laden\/?page_id=12538"},"modified":"2026-04-13T16:58:36","modified_gmt":"2026-04-13T14:58:36","slug":"abos","status":"publish","type":"page","link":"https:\/\/kraut-zone.de\/laden\/abos\/","title":{"rendered":"Abonnements"},"content":{"rendered":"\n<div style=\"height:26px\" aria-hidden=\"true\" class=\"wp-block-spacer\"><\/div>\n\n\n\n<h1 class=\"wp-block-heading has-text-align-center\"><strong>Wenn&#8217;s mal wieder zu bunt wird. <\/strong><\/h1>\n\n\n\n<div style=\"height:26px\" aria-hidden=\"true\" class=\"wp-block-spacer\"><\/div>\n\n\n\n<div class=\"wp-block-columns is-layout-flex wp-container-core-columns-is-layout-28f84493 wp-block-columns-is-layout-flex\">\n<div class=\"wp-block-column is-layout-flow wp-block-column-is-layout-flow\" style=\"border-width:1px;padding-top:var(--wp--preset--spacing--20);padding-right:var(--wp--preset--spacing--20);padding-bottom:var(--wp--preset--spacing--20);padding-left:var(--wp--preset--spacing--20);box-shadow:var(--wp--preset--shadow--natural)\">\n<figure class=\"wp-block-image aligncenter size-full is-resized\"><img loading=\"lazy\" decoding=\"async\" width=\"700\" height=\"686\" src=\"https:\/\/kraut-zone.de\/laden\/wp-content\/uploads\/sites\/2\/2025\/09\/pdfAboneu23.png\" alt=\"\" class=\"wp-image-19562\" style=\"aspect-ratio:1.0204144324485929;width:494px;height:auto\" srcset=\"https:\/\/kraut-zone.de\/laden\/wp-content\/uploads\/sites\/2\/2025\/09\/pdfAboneu23.png 700w, https:\/\/kraut-zone.de\/laden\/wp-content\/uploads\/sites\/2\/2025\/09\/pdfAboneu23-300x294.png 300w, https:\/\/kraut-zone.de\/laden\/wp-content\/uploads\/sites\/2\/2025\/09\/pdfAboneu23-600x588.png 600w\" sizes=\"auto, (max-width: 700px) 100vw, 700px\" \/><\/figure>\n\n\n\n<h3 class=\"wp-block-heading has-text-align-center\">Digitalabo<\/h3>\n\n\n\n<div class=\"wp-block-buttons is-content-justification-center is-layout-flex wp-container-core-buttons-is-layout-a89b3969 wp-block-buttons-is-layout-flex\">\n<div class=\"wp-block-button has-custom-width wp-block-button__width-50 is-style-outline is-style-outline--1\"><a class=\"wp-block-button__link has-medium-font-size has-custom-font-size wp-element-button\" href=\"https:\/\/kraut-zone.de\/laden\/produkt\/elektronisches-abo-pdf\/\" style=\"border-width:1px;border-radius:0px\">Zum ABO<\/a><\/div>\n<\/div>\n\n\n\n<p class=\"has-text-align-left has-small-font-size\">\u2714&nbsp;6 Ausgaben im Jahr <br>\u2714 Als PDF oder E-Paper<br>\u2714 Das g\u00fcnstigste Abomodell<br><\/p>\n<\/div>\n\n\n\n<div class=\"wp-block-column is-layout-flow wp-block-column-is-layout-flow\" style=\"border-width:1px;padding-top:var(--wp--preset--spacing--20);padding-right:var(--wp--preset--spacing--20);padding-bottom:var(--wp--preset--spacing--20);padding-left:var(--wp--preset--spacing--20);box-shadow:var(--wp--preset--shadow--natural)\">\n<figure class=\"wp-block-image size-full\"><img loading=\"lazy\" decoding=\"async\" width=\"700\" height=\"686\" src=\"https:\/\/kraut-zone.de\/laden\/wp-content\/uploads\/sites\/2\/2025\/09\/Einzelheft_Neu.png\" alt=\"\" class=\"wp-image-19519\" srcset=\"https:\/\/kraut-zone.de\/laden\/wp-content\/uploads\/sites\/2\/2025\/09\/Einzelheft_Neu.png 700w, https:\/\/kraut-zone.de\/laden\/wp-content\/uploads\/sites\/2\/2025\/09\/Einzelheft_Neu-300x294.png 300w, https:\/\/kraut-zone.de\/laden\/wp-content\/uploads\/sites\/2\/2025\/09\/Einzelheft_Neu-600x588.png 600w\" sizes=\"auto, (max-width: 700px) 100vw, 700px\" \/><\/figure>\n\n\n\n<h3 class=\"wp-block-heading has-text-align-center\">Normalabo<\/h3>\n\n\n\n<div class=\"wp-block-buttons has-custom-font-size has-medium-font-size is-content-justification-center is-layout-flex wp-container-core-buttons-is-layout-a89b3969 wp-block-buttons-is-layout-flex\">\n<div class=\"wp-block-button has-custom-width wp-block-button__width-50 is-style-outline is-style-outline--2\"><a class=\"wp-block-button__link has-medium-font-size has-custom-font-size wp-element-button\" href=\"https:\/\/kraut-zone.de\/laden\/produkt\/normalabo\/\" style=\"border-width:1px;border-radius:0px\">Zum ABO<\/a><\/div>\n<\/div>\n\n\n\n<p class=\"has-text-align-left has-small-font-size\">\u2714 6 Ausgaben im Jahr (gedruckt)<br>\u2714 Lieferung frei Haus<br>\u2714 Versandkosten sparen<\/p>\n<\/div>\n\n\n\n<div class=\"wp-block-column is-layout-flow wp-block-column-is-layout-flow\" style=\"border-width:1px;padding-top:var(--wp--preset--spacing--20);padding-right:var(--wp--preset--spacing--20);padding-bottom:var(--wp--preset--spacing--20);padding-left:var(--wp--preset--spacing--20);box-shadow:var(--wp--preset--shadow--natural)\">\n<figure class=\"wp-block-image size-full\"><img loading=\"lazy\" decoding=\"async\" width=\"700\" height=\"686\" src=\"https:\/\/kraut-zone.de\/laden\/wp-content\/uploads\/sites\/2\/2025\/09\/Wuestenfuchs_teaser2.png\" alt=\"\" class=\"wp-image-19536\" srcset=\"https:\/\/kraut-zone.de\/laden\/wp-content\/uploads\/sites\/2\/2025\/09\/Wuestenfuchs_teaser2.png 700w, https:\/\/kraut-zone.de\/laden\/wp-content\/uploads\/sites\/2\/2025\/09\/Wuestenfuchs_teaser2-300x294.png 300w, https:\/\/kraut-zone.de\/laden\/wp-content\/uploads\/sites\/2\/2025\/09\/Wuestenfuchs_teaser2-600x588.png 600w\" sizes=\"auto, (max-width: 700px) 100vw, 700px\" \/><\/figure>\n\n\n\n<h3 class=\"wp-block-heading has-text-align-center\">W\u00fcstenfuchsabo<\/h3>\n\n\n\n<div class=\"wp-block-buttons is-content-justification-center is-layout-flex wp-container-core-buttons-is-layout-a89b3969 wp-block-buttons-is-layout-flex\">\n<div class=\"wp-block-button has-custom-width wp-block-button__width-50 is-style-outline is-style-outline--3\"><a class=\"wp-block-button__link has-medium-font-size has-custom-font-size wp-element-button\" href=\"https:\/\/kraut-zone.de\/laden\/produkt\/wuestenfuchsabo\/\" style=\"border-width:1px;border-radius:0px\">Zum ABO<\/a><\/div>\n<\/div>\n\n\n\n<p class=\"has-text-align-left has-small-font-size\" style=\"border-style:none;border-width:0px\">\u2714 6 Ausgaben im Jahr (gedruckt)<br>\u2714 Lieferung frei Haus<br>\u2714 Sonderausgabe &#8220;Konservative Hipster&#8221;<br>\u2714 Versandkosten sparen<\/p>\n<\/div>\n\n\n\n<div class=\"wp-block-column is-layout-flow wp-container-core-column-is-layout-2703eb16 wp-block-column-is-layout-flow\" style=\"border-width:1px;padding-top:var(--wp--preset--spacing--20);padding-right:var(--wp--preset--spacing--20);padding-bottom:var(--wp--preset--spacing--20);padding-left:var(--wp--preset--spacing--20);box-shadow:var(--wp--preset--shadow--natural)\">\n<figure class=\"wp-block-image size-full is-resized\"><img loading=\"lazy\" decoding=\"async\" width=\"700\" height=\"686\" src=\"https:\/\/kraut-zone.de\/laden\/wp-content\/uploads\/sites\/2\/2025\/09\/Kaiser_teaser1.png\" alt=\"\" class=\"wp-image-19535\" style=\"aspect-ratio:1.0203983310828575;width:494px;height:auto\" srcset=\"https:\/\/kraut-zone.de\/laden\/wp-content\/uploads\/sites\/2\/2025\/09\/Kaiser_teaser1.png 700w, https:\/\/kraut-zone.de\/laden\/wp-content\/uploads\/sites\/2\/2025\/09\/Kaiser_teaser1-300x294.png 300w, https:\/\/kraut-zone.de\/laden\/wp-content\/uploads\/sites\/2\/2025\/09\/Kaiser_teaser1-600x588.png 600w\" sizes=\"auto, (max-width: 700px) 100vw, 700px\" \/><\/figure>\n\n\n\n<h3 class=\"wp-block-heading has-text-align-center\">Kaiserabo<\/h3>\n\n\n\n<div class=\"wp-block-buttons is-content-justification-center is-layout-flex wp-container-core-buttons-is-layout-a89b3969 wp-block-buttons-is-layout-flex\">\n<div class=\"wp-block-button has-custom-width wp-block-button__width-50 is-style-outline is-style-outline--4\"><a class=\"wp-block-button__link has-medium-font-size has-custom-font-size wp-element-button\" href=\"https:\/\/kraut-zone.de\/laden\/produkt\/kaiserabo\/\" style=\"border-radius:0px\">Zum ABO<\/a><\/div>\n<\/div>\n\n\n\n<p class=\"has-text-align-left has-small-font-size\">\u2714 6 Ausgaben im Jahr (gedruckt und PDF\/E-Paper)<br>\u2714 Lieferung frei Haus <br>\u2714 Sonderausgabe &#8220;Konservative Hipster&#8221;<br>\u2714 Versandkosten sparen<br>\u2714 Einladung zum Kaisertreffen<br>\u2714 Du unterst\u00fctzt unsere Arbeit!<\/p>\n<\/div>\n<\/div>\n\n\n\n<div class=\"wp-block-columns is-layout-flex wp-container-core-columns-is-layout-28f84493 wp-block-columns-is-layout-flex\">\n<div class=\"wp-block-column is-layout-flow wp-container-core-column-is-layout-0c075691 wp-block-column-is-layout-flow\" style=\"border-style:none;border-width:0px;padding-top:var(--wp--preset--spacing--30);padding-right:var(--wp--preset--spacing--10);padding-bottom:var(--wp--preset--spacing--30);padding-left:var(--wp--preset--spacing--10)\">\n<p class=\"has-text-align-center\"><\/p>\n<\/div>\n\n\n\n<div class=\"wp-block-column is-layout-flow wp-container-core-column-is-layout-0c075691 wp-block-column-is-layout-flow\" style=\"border-style:none;border-width:0px;padding-top:var(--wp--preset--spacing--30);padding-right:var(--wp--preset--spacing--10);padding-bottom:var(--wp--preset--spacing--30);padding-left:var(--wp--preset--spacing--10)\">\n<p class=\"has-text-align-center\"><\/p>\n<\/div>\n<\/div>\n\n\n\n<div style=\"height:100px\" aria-hidden=\"true\" class=\"wp-block-spacer\"><\/div>\n\n\n\n<h3 class=\"wp-block-heading\">\u00dcbersicht zum Krautzone-Abonnement<\/h3>\n\n\n\n<p class=\"has-background\" style=\"background-color:#e5e5e5\"><strong>Erscheinungsweise:<\/strong>&nbsp;Alle zwei Monate. Die Sonderausgabe erscheint alle ein bis zwei Jahre.<br><strong>Versand:<\/strong>&nbsp;Wir versenden in komplett neutralen Papierumschl\u00e4gen mit der deutschen Post. <br><strong>Laufzeit:<\/strong>&nbsp;Die Preise gelten f\u00fcr ein Jahr. Nach dem ersten Jahr verl\u00e4ngert sich das Abo automatisch, es sei denn, es wurde gek\u00fcndigt.<br><strong>K\u00fcndigung:<\/strong>&nbsp;Wird das Vertragsverh\u00e4ltnis im ersten Vertragsjahr nicht bis einen Monat vor Vertragsende gek\u00fcndigt, verl\u00e4ngert es sich automatisch. Zur K\u00fcndigung ist eine einfache Mail an bestellung@kraut-zone.de ausreichend.<br><strong>Zahlungsweisen:<\/strong>&nbsp;Rechnung, Kreditkarte, PayPal, ApplePay und Lastschrift.<\/p>\n\n\n\n<p><\/p>\n","protected":false},"excerpt":{"rendered":"<p>Wenn&#8217;s mal wieder zu bunt wird. Digitalabo \u2714&nbsp;6 Ausgaben im Jahr \u2714 Als PDF oder E-Paper\u2714 Das g\u00fcnstigste Abomodell Normalabo \u2714 6 Ausgaben im Jahr (gedruckt)\u2714 Lieferung frei Haus\u2714 Versandkosten sparen W\u00fcstenfuchsabo \u2714 6 Ausgaben im Jahr (gedruckt)\u2714 Lieferung frei Haus\u2714 Sonderausgabe &#8220;Konservative Hipster&#8221;\u2714 Versandkosten sparen Kaiserabo \u2714 6 Ausgaben im Jahr (gedruckt und PDF\/E-Paper)\u2714 [&hellip;]<\/p>\n","protected":false},"author":75,"featured_media":0,"parent":0,"menu_order":0,"comment_status":"closed","ping_status":"closed","template":"","meta":{"_acf_changed":false,"footnotes":""},"class_list":["post-12538","page","type-page","status-publish","hentry"],"acf":[],"_links":{"self":[{"href":"https:\/\/kraut-zone.de\/laden\/wp-json\/wp\/v2\/pages\/12538","targetHints":{"allow":["GET"]}}],"collection":[{"href":"https:\/\/kraut-zone.de\/laden\/wp-json\/wp\/v2\/pages"}],"about":[{"href":"https:\/\/kraut-zone.de\/laden\/wp-json\/wp\/v2\/types\/page"}],"author":[{"embeddable":true,"href":"https:\/\/kraut-zone.de\/laden\/wp-json\/wp\/v2\/users\/75"}],"replies":[{"embeddable":true,"href":"https:\/\/kraut-zone.de\/laden\/wp-json\/wp\/v2\/comments?post=12538"}],"version-history":[{"count":36,"href":"https:\/\/kraut-zone.de\/laden\/wp-json\/wp\/v2\/pages\/12538\/revisions"}],"predecessor-version":[{"id":22283,"href":"https:\/\/kraut-zone.de\/laden\/wp-json\/wp\/v2\/pages\/12538\/revisions\/22283"}],"wp:attachment":[{"href":"https:\/\/kraut-zone.de\/laden\/wp-json\/wp\/v2\/media?parent=12538"}],"curies":[{"name":"wp","href":"https:\/\/api.w.org\/{rel}","templated":true}]}}