    {"id":10432,"date":"2024-02-13T15:43:40","date_gmt":"2024-02-13T15:43:40","guid":{"rendered":"https:\/\/kraut-zone.de\/laden\/?post_type=product&#038;p=10432"},"modified":"2025-09-12T15:58:17","modified_gmt":"2025-09-12T15:58:17","slug":"37-elite","status":"publish","type":"product","link":"https:\/\/kraut-zone.de\/laden\/produkt\/37-elite\/","title":{"rendered":"37. Elite"},"content":{"rendered":"<p><strong>Erscheint Mitte Februar 2024<br \/>\n<\/strong><\/p>\n<ul>\n<li>Pro und kontra Leitartikel &#8220;Brauchen wir eine Elite?&#8221;<\/li>\n<li>Bunte Zahlen: Sahra Wagenknecht, Bauernproteste, Radwege in Peru<\/li>\n<li>Lieber Links regieren: FDP<\/li>\n<li>Wolfszeit in Deutschland<\/li>\n<li>Weltweit: Beeinflussen Eliten die Wahlen?<\/li>\n<li>Konservative Hipster: Caspar David Friedrich<\/li>\n<li>Javier Milei: Der erste libert\u00e4re Pr\u00e4sident<\/li>\n<li>Der Sezessionskrieg: Der verh\u00e4ngnisvolle Sieg der Nordstaaten<\/li>\n<li>Studien haben gezeigt: M\u00e4nner und Frauen arbeiten gar nicht gut zusammen<\/li>\n<li>Krautfilme: Schatten der Vergangenheit<\/li>\n<li>Teste dich: Wie elitengl\u00e4ubig bist du?<\/li>\n<li>Die Heinrich-B\u00f6ll-Stiftung<\/li>\n<li>Kirchenglocke: S\u00e4et und Erntet<\/li>\n<li>Pauline p\u00f6belt: Trennung ohne Tr\u00e4nen<\/li>\n<li>Hochkultur und Baukultur<\/li>\n<\/ul>\n<p><em>Preisanstieg? Wir werden gezwungen, die Politik dieses Landes mit rund 50 Prozent Steuern zu finanzieren.<br \/>\n<\/em><\/p>\n","protected":false},"excerpt":{"rendered":"<p>Erscheint Mitte Februar 2024 Pro und kontra Leitartikel &#8220;Brauchen wir eine Elite?&#8221; Bunte Zahlen: Sahra Wagenknecht, Bauernproteste, Radwege in Peru Lieber Links regieren: FDP Wolfszeit in Deutschland Weltweit: Beeinflussen Eliten die Wahlen? Konservative Hipster: Caspar David Friedrich Javier Milei: Der erste libert\u00e4re Pr\u00e4sident Der Sezessionskrieg: Der verh\u00e4ngnisvolle Sieg der Nordstaaten Studien haben gezeigt: M\u00e4nner und [&hellip;]<\/p>\n","protected":false},"featured_media":19662,"template":"","meta":{"_acf_changed":false},"product_brand":[],"product_cat":[36],"product_tag":[],"class_list":{"0":"post-10432","1":"product","2":"type-product","3":"status-publish","4":"has-post-thumbnail","6":"product_cat-einzelhefte","8":"first","9":"instock","10":"taxable","11":"shipping-taxable","12":"purchasable","13":"product-type-variable","14":"has-default-attributes"},"acf":[],"_links":{"self":[{"href":"https:\/\/kraut-zone.de\/laden\/wp-json\/wp\/v2\/product\/10432","targetHints":{"allow":["GET"]}}],"collection":[{"href":"https:\/\/kraut-zone.de\/laden\/wp-json\/wp\/v2\/product"}],"about":[{"href":"https:\/\/kraut-zone.de\/laden\/wp-json\/wp\/v2\/types\/product"}],"wp:featuredmedia":[{"embeddable":true,"href":"https:\/\/kraut-zone.de\/laden\/wp-json\/wp\/v2\/media\/19662"}],"wp:attachment":[{"href":"https:\/\/kraut-zone.de\/laden\/wp-json\/wp\/v2\/media?parent=10432"}],"wp:term":[{"taxonomy":"product_brand","embeddable":true,"href":"https:\/\/kraut-zone.de\/laden\/wp-json\/wp\/v2\/product_brand?post=10432"},{"taxonomy":"product_cat","embeddable":true,"href":"https:\/\/kraut-zone.de\/laden\/wp-json\/wp\/v2\/product_cat?post=10432"},{"taxonomy":"product_tag","embeddable":true,"href":"https:\/\/kraut-zone.de\/laden\/wp-json\/wp\/v2\/product_tag?post=10432"}],"curies":[{"name":"wp","href":"https:\/\/api.w.org\/{rel}","templated":true}]}}