    {"id":5492,"date":"2022-08-22T07:11:35","date_gmt":"2022-08-22T07:11:35","guid":{"rendered":"https:\/\/kraut-zone.de\/laden\/?post_type=product&#038;p=5492"},"modified":"2025-09-12T14:22:48","modified_gmt":"2025-09-12T14:22:48","slug":"28-ausgabe-neuer-deutscher-nationalismus","status":"publish","type":"product","link":"https:\/\/kraut-zone.de\/laden\/produkt\/28-ausgabe-neuer-deutscher-nationalismus\/","title":{"rendered":"28. Ausgabe &#8211; Neuer Deutscher Nationalismus"},"content":{"rendered":"<p><strong>Erscheint Mitte August<\/strong><\/p>\n<ul>\n<li>Pro und kontra Leitartikel \u201cNationalismus&#8221;<\/li>\n<li>Bunte Zahlen: Steuerlast in OECD-L\u00e4ndern, Alte Rechte &#8211; Neue Linke, Schwedendemokraten<\/li>\n<li>Arrigato, Abe-San: Portr\u00e4t eines japanischen Staatsmannes<\/li>\n<li>Kriseninvestments: Briefmarken als Wertanlage?<\/li>\n<li>Nationalismus in der Forschung<\/li>\n<li>Schattenmacher und Max Remke im Gespr\u00e4ch: Nationalismus vs. Libertarismus<\/li>\n<li>KRAZ-Graphik: Bist du bereit f\u00fcr dein Land zu k\u00e4mpfen?<\/li>\n<li>H\u00e4ngengeblieben: So arbeitet der VS und erfindet neue Gefahren<\/li>\n<li>Der untersch\u00e4tzte K\u00f6nig: Friedrich Wilhelm I. reformierte und sanierte den preu\u00dfischen Staatshaushalt<\/li>\n<li>Das gro\u00dfe KRAZ-Quizz: Welcher Nationalistentyp bin ich? Der politische Kompass zeigt deine Position.<\/li>\n<li>Nationalismus: Eine Ausgeburt der Moderne.<\/li>\n<li>Top Gun &#8211; Maverick: Rekordstart f\u00fcr den Blockbuster<\/li>\n<li>Bruckner und die Ewigkeit<\/li>\n<li>Obdachlose: Zwischen Gewalt und Migration<\/li>\n<li>Kirchenglocke: V\u00f6lker und Christengemeinschaft<\/li>\n<li>Pauline p\u00f6belt: Die letzte M\u00e4nnerdom\u00e4ne<\/li>\n<li>Es gibt keine Staatsformen!<\/li>\n<\/ul>\n<p><em>(Preisanstieg? Wir werden gezwungen, die Politik dieses Landes mit 7\/19 Prozent Mehrwertsteuer zu unterst\u00fctzen)<\/em><\/p>\n","protected":false},"excerpt":{"rendered":"<p>Erscheint Mitte August Pro und kontra Leitartikel \u201cNationalismus&#8221; Bunte Zahlen: Steuerlast in OECD-L\u00e4ndern, Alte Rechte &#8211; Neue Linke, Schwedendemokraten Arrigato, Abe-San: Portr\u00e4t eines japanischen Staatsmannes Kriseninvestments: Briefmarken als Wertanlage? Nationalismus in der Forschung Schattenmacher und Max Remke im Gespr\u00e4ch: Nationalismus vs. Libertarismus KRAZ-Graphik: Bist du bereit f\u00fcr dein Land zu k\u00e4mpfen? H\u00e4ngengeblieben: So arbeitet der [&hellip;]<\/p>\n","protected":false},"featured_media":19650,"template":"","meta":{"_acf_changed":false},"product_brand":[],"product_cat":[36],"product_tag":[],"class_list":{"0":"post-5492","1":"product","2":"type-product","3":"status-publish","4":"has-post-thumbnail","6":"product_cat-einzelhefte","8":"first","9":"instock","10":"taxable","11":"shipping-taxable","12":"purchasable","13":"product-type-variable","14":"has-default-attributes"},"acf":[],"_links":{"self":[{"href":"https:\/\/kraut-zone.de\/laden\/wp-json\/wp\/v2\/product\/5492","targetHints":{"allow":["GET"]}}],"collection":[{"href":"https:\/\/kraut-zone.de\/laden\/wp-json\/wp\/v2\/product"}],"about":[{"href":"https:\/\/kraut-zone.de\/laden\/wp-json\/wp\/v2\/types\/product"}],"wp:featuredmedia":[{"embeddable":true,"href":"https:\/\/kraut-zone.de\/laden\/wp-json\/wp\/v2\/media\/19650"}],"wp:attachment":[{"href":"https:\/\/kraut-zone.de\/laden\/wp-json\/wp\/v2\/media?parent=5492"}],"wp:term":[{"taxonomy":"product_brand","embeddable":true,"href":"https:\/\/kraut-zone.de\/laden\/wp-json\/wp\/v2\/product_brand?post=5492"},{"taxonomy":"product_cat","embeddable":true,"href":"https:\/\/kraut-zone.de\/laden\/wp-json\/wp\/v2\/product_cat?post=5492"},{"taxonomy":"product_tag","embeddable":true,"href":"https:\/\/kraut-zone.de\/laden\/wp-json\/wp\/v2\/product_tag?post=5492"}],"curies":[{"name":"wp","href":"https:\/\/api.w.org\/{rel}","templated":true}]}}