{"id":6050,"date":"2022-12-07T19:22:57","date_gmt":"2022-12-07T19:22:57","guid":{"rendered":"https:\/\/kraut-zone.de\/laden\/?post_type=product&#038;p=6050"},"modified":"2025-10-15T09:32:01","modified_gmt":"2025-10-15T09:32:01","slug":"satirequartett-alles-andere-ist-links","status":"publish","type":"product","link":"https:\/\/kraut-zone.de\/laden\/produkt\/satirequartett-alles-andere-ist-links\/","title":{"rendered":"Satirequartett &#8211; Alles andere ist links"},"content":{"rendered":"<p>Trumpfquartett mit zus\u00e4tzlichen Ereignissen. Vernichte alle deine Gegner mit den F\u00e4higkeiten der Karten: F\u00fchrerqualit\u00e4t, Kapitalistenschwein, Spa\u00dffaktor, Twitterreichweite und Boomeranziehungskraft. W\u00e4hle deine st\u00e4rksten Angriffswerte aus und entscheide das Duell f\u00fcr dich. Doch pl\u00f6tzlich tritt ein schwerwiegendes Ereignis ein und alle deine Ambitionen werden zu Nichte gemacht. Oder noch schlimmer: Du bei\u00dft dir an deinen Erzfeinden die Z\u00e4hne aus.<\/p>\n<p><strong>Kategorien:<\/strong><br \/>\nInternationale, Libert\u00e4re, Neue Rechte. Konservative, Liberalkonservative, B\u00f6se Verschw\u00f6rer, Solidarpatrioten, Die Guten<\/p>\n<p>Bilder von MockupFree.<\/p>\n","protected":false},"excerpt":{"rendered":"<p><strong>&#8220;Alles andere ist links&#8221;<\/strong> &#8211; Das erste Krautzone Satirequartett<\/p>\n","protected":false},"featured_media":12486,"template":"","meta":{"_acf_changed":false},"product_brand":[],"product_cat":[111],"product_tag":[],"class_list":{"0":"post-6050","1":"product","2":"type-product","3":"status-publish","4":"has-post-thumbnail","6":"product_cat-sonstiges","8":"first","9":"instock","10":"taxable","11":"shipping-taxable","12":"purchasable","13":"product-type-simple"},"acf":[],"_links":{"self":[{"href":"https:\/\/kraut-zone.de\/laden\/wp-json\/wp\/v2\/product\/6050","targetHints":{"allow":["GET"]}}],"collection":[{"href":"https:\/\/kraut-zone.de\/laden\/wp-json\/wp\/v2\/product"}],"about":[{"href":"https:\/\/kraut-zone.de\/laden\/wp-json\/wp\/v2\/types\/product"}],"wp:featuredmedia":[{"embeddable":true,"href":"https:\/\/kraut-zone.de\/laden\/wp-json\/wp\/v2\/media\/12486"}],"wp:attachment":[{"href":"https:\/\/kraut-zone.de\/laden\/wp-json\/wp\/v2\/media?parent=6050"}],"wp:term":[{"taxonomy":"product_brand","embeddable":true,"href":"https:\/\/kraut-zone.de\/laden\/wp-json\/wp\/v2\/product_brand?post=6050"},{"taxonomy":"product_cat","embeddable":true,"href":"https:\/\/kraut-zone.de\/laden\/wp-json\/wp\/v2\/product_cat?post=6050"},{"taxonomy":"product_tag","embeddable":true,"href":"https:\/\/kraut-zone.de\/laden\/wp-json\/wp\/v2\/product_tag?post=6050"}],"curies":[{"name":"wp","href":"https:\/\/api.w.org\/{rel}","templated":true}]}}