    {"id":7500,"date":"2023-02-26T19:12:10","date_gmt":"2023-02-26T19:12:10","guid":{"rendered":"https:\/\/kraut-zone.de\/laden\/?post_type=product&#038;p=7500"},"modified":"2025-07-04T21:12:55","modified_gmt":"2025-07-04T21:12:55","slug":"immanuel-kant-kunstdruck","status":"publish","type":"product","link":"https:\/\/kraut-zone.de\/laden\/produkt\/immanuel-kant-kunstdruck\/","title":{"rendered":"Immanuel Kant"},"content":{"rendered":"<p>Immanuel Kant pr\u00e4gte das Denken des Abendlandes nachhaltig. Bekannt ist er vor allem f\u00fcr den kategorischen Imperative sowie seine drei &#8220;Kritiken&#8221;, die aber so lang und kompliziert sind, dass Sie eigentlich niemand gelesen hat. Kant gilt als der wohl bedeutendste Philosoph der Aufkl\u00e4rung und wird demnach h\u00e4ufig in linksliberalen Kreisen zitiert. Dass der K\u00f6nigsberger aber eine durchaus andere Vorstellung von Menschen und Menschenrechten hatte, als wir heute, zeigt sein Buch &#8220;Von den verschiedenen Rassen der Menschen oder Alle Neger stinken&#8221;, das gerne \u00fcbersehen wird. Kant ist f\u00fcr seine n\u00fcchternen S\u00e4tze bekannt. In einer Fu\u00dfnote lie\u00df er sich jedoch hinrei\u00dfen und schrieb: &#8220;Der Mangel an Urteilskraft ist eigentlich das, was man Dummheit nennt, und einem solchen Gebrechen ist gar nicht abzuhelfen.&#8221; Das steht dem modernen Begriff der Aufkl\u00e4rung diametral gegen\u00fcber.<\/p>\n<p><strong>Produkt:<\/strong> Hochwertiger Kunstdruck einer exklusiven Zeichnung.<br \/>\n<strong>Gr\u00f6\u00dfe:<\/strong> DinA4, DinA5<br \/>\n<strong>Nachhaltigkeit: <\/strong>Unter Austo\u00df enormer CO-Emissionen hergestellt.<br \/>\n<strong>Papier: <\/strong>300 g\/qm Naturpapier cr\u00e8mefarben<br \/>\n<strong>Qualit\u00e4t: <\/strong>HD-Druck matt<br \/>\n<strong>Lieferung:<\/strong> Wir versenden via DHL. Der Kunstdruck wird ohne Rahmen versendet.<\/p>\n","protected":false},"excerpt":{"rendered":"<p>Immanuel Kant pr\u00e4gte das Denken des Abendlandes nachhaltig. Bekannt ist er vor allem f\u00fcr den kategorischen Imperative sowie seine drei &#8220;Kritiken&#8221;, die aber so lang und kompliziert sind, dass Sie eigentlich niemand gelesen hat. Kant gilt als der wohl bedeutendste Philosoph der Aufkl\u00e4rung und wird demnach h\u00e4ufig in linksliberalen Kreisen zitiert. Dass der K\u00f6nigsberger aber [&hellip;]<\/p>\n","protected":false},"featured_media":16351,"template":"","meta":{"_acf_changed":false},"product_brand":[],"product_cat":[117],"product_tag":[],"class_list":{"0":"post-7500","1":"product","2":"type-product","3":"status-publish","4":"has-post-thumbnail","6":"product_cat-kunstdruck","8":"first","9":"instock","10":"taxable","11":"shipping-taxable","12":"purchasable","13":"product-type-variable"},"acf":[],"_links":{"self":[{"href":"https:\/\/kraut-zone.de\/laden\/wp-json\/wp\/v2\/product\/7500","targetHints":{"allow":["GET"]}}],"collection":[{"href":"https:\/\/kraut-zone.de\/laden\/wp-json\/wp\/v2\/product"}],"about":[{"href":"https:\/\/kraut-zone.de\/laden\/wp-json\/wp\/v2\/types\/product"}],"wp:featuredmedia":[{"embeddable":true,"href":"https:\/\/kraut-zone.de\/laden\/wp-json\/wp\/v2\/media\/16351"}],"wp:attachment":[{"href":"https:\/\/kraut-zone.de\/laden\/wp-json\/wp\/v2\/media?parent=7500"}],"wp:term":[{"taxonomy":"product_brand","embeddable":true,"href":"https:\/\/kraut-zone.de\/laden\/wp-json\/wp\/v2\/product_brand?post=7500"},{"taxonomy":"product_cat","embeddable":true,"href":"https:\/\/kraut-zone.de\/laden\/wp-json\/wp\/v2\/product_cat?post=7500"},{"taxonomy":"product_tag","embeddable":true,"href":"https:\/\/kraut-zone.de\/laden\/wp-json\/wp\/v2\/product_tag?post=7500"}],"curies":[{"name":"wp","href":"https:\/\/api.w.org\/{rel}","templated":true}]}}