    {"id":891,"date":"2020-11-06T14:02:15","date_gmt":"2020-11-06T14:02:15","guid":{"rendered":"https:\/\/kraut-zone.de\/laden\/?post_type=product&#038;p=891"},"modified":"2024-08-14T14:45:19","modified_gmt":"2024-08-14T14:45:19","slug":"ernst-juenger-poster","status":"publish","type":"product","link":"https:\/\/kraut-zone.de\/laden\/produkt\/ernst-juenger-poster\/","title":{"rendered":"Ernst J\u00fcnger &#8211; Poster"},"content":{"rendered":"<p>Die beste J\u00fcnger-Darstellung, die aktuell auf dem Markt ist. Exklusiv in der Krautzone. Lizensiert vom argentinischen K\u00fcnstler rosenfeldtown.<br \/>\n<strong>Gr\u00f6\u00dfe:<\/strong> DinA3 oder DinA2<br \/>\n<strong>Nachhaltigkeit:<\/strong> Das Produkt wurde unter dem Austo\u00df enormer CO-Emissionen von unserer Druckerei hergestellt.<br \/>\n<strong>Papierst\u00e4rke: <\/strong>250 Gramm pro qm (so dick wie ein KRAZ-Cover)<br \/>\n<strong>Qualit\u00e4t: <\/strong>HD-Druck, Hochglanz<br \/>\n<strong>Lieferung:<\/strong> Das Poster wird OHNE Rahmen versendet.<\/p>\n","protected":false},"excerpt":{"rendered":"<p>Der Frontsoldat, Waldg\u00e4nger und Anarch jetzt als surreales Poster.<\/p>\n","protected":false},"featured_media":12883,"template":"","meta":{"_acf_changed":false},"product_brand":[],"product_cat":[101],"product_tag":[],"class_list":{"0":"post-891","1":"product","2":"type-product","3":"status-publish","4":"has-post-thumbnail","6":"product_cat-poster","8":"first","9":"instock","10":"taxable","11":"shipping-taxable","12":"purchasable","13":"product-type-variable"},"acf":[],"_links":{"self":[{"href":"https:\/\/kraut-zone.de\/laden\/wp-json\/wp\/v2\/product\/891","targetHints":{"allow":["GET"]}}],"collection":[{"href":"https:\/\/kraut-zone.de\/laden\/wp-json\/wp\/v2\/product"}],"about":[{"href":"https:\/\/kraut-zone.de\/laden\/wp-json\/wp\/v2\/types\/product"}],"wp:featuredmedia":[{"embeddable":true,"href":"https:\/\/kraut-zone.de\/laden\/wp-json\/wp\/v2\/media\/12883"}],"wp:attachment":[{"href":"https:\/\/kraut-zone.de\/laden\/wp-json\/wp\/v2\/media?parent=891"}],"wp:term":[{"taxonomy":"product_brand","embeddable":true,"href":"https:\/\/kraut-zone.de\/laden\/wp-json\/wp\/v2\/product_brand?post=891"},{"taxonomy":"product_cat","embeddable":true,"href":"https:\/\/kraut-zone.de\/laden\/wp-json\/wp\/v2\/product_cat?post=891"},{"taxonomy":"product_tag","embeddable":true,"href":"https:\/\/kraut-zone.de\/laden\/wp-json\/wp\/v2\/product_tag?post=891"}],"curies":[{"name":"wp","href":"https:\/\/api.w.org\/{rel}","templated":true}]}}